{"id":1692,"date":"2017-04-20T19:51:54","date_gmt":"2017-04-20T22:51:54","guid":{"rendered":"http:\/\/www.luizmendes.org\/wordpress\/?page_id=1692"},"modified":"2017-04-25T15:51:17","modified_gmt":"2017-04-25T18:51:17","slug":"historico","status":"publish","type":"page","link":"https:\/\/www.luizmendes.org\/wordpress\/fortaleza\/historico\/","title":{"rendered":"Hist\u00f3rico"},"content":{"rendered":"<h4><img loading=\"lazy\" decoding=\"async\" class=\"alignnone wp-image-1685 size-full\" src=\"https:\/\/www.luizmendes.org\/wordpress\/wp-content\/uploads\/2011\/07\/anigif2.gif\" alt=\"\" width=\"2000\" height=\"667\" \/><\/h4>\n<h4>BREVE HIST\u00d3RIA<\/h4>\n<p>A hist\u00f3ria da Comunidade Fortaleza come\u00e7ou em 1993, quando o Sr. Luiz Mendes juntamente com um grupo de amigos e familiares decidiram renunciar a vida da cidade e fixar resid\u00eancia nos encantos da grande floresta Amaz\u00f4nica para se dedicar a agricultura e aos rituais religiosos do Santo Daime. Escolheu uma coloca\u00e7\u00e3o do antigo seringal S\u00e3o Gabriel com o nome de Fortaleza, o que se enquadrava bem com a natureza do lugar, e passou a organizar pacientemente sua nova morada.<\/p>\n<p>Ainda no mesmo ano, um pequeno grupo de volunt\u00e1rios lhe acompanhou com o objetivo de desbravar e ao mesmo tempo criar estrutura no local para uma futura fixa\u00e7\u00e3o definitiva. Com muito sacrif\u00edcio foi constru\u00edda uma pequena casa, feito um pequeno ro\u00e7ado e melhorado o acesso. Somente em 1996 foi inaugurada a primeira sede para os trabalhos espirituais do Santo Daime. Vale ressaltar que esses mesmos trabalhos eram realizados em um local improvisado.<\/p>\n<p>Em 1996, o Instituto Nacional de Reforma Agr\u00e1ria \u2013 INCRA regularizou a posse da terra para os antigos moradores do ex-seringal dando origem ao Projeto de Assentamento S\u00e3o Gabriel. Nessa \u00e9poca, a col\u00f4nia Fortaleza recebeu seu primeiro documento de posse, al\u00e9m de ganhar novas \u00e1reas de terra para os agregados da ent\u00e3o pequena comunidade. Tempos depois, o assentamento cedeu lugar para pequenas e m\u00e9dias fazendas de cria\u00e7\u00e3o de gado, restando apenas uma pequena \u00e1rea preservada de floresta onde se insere a Fortaleza.<\/p>\n<p>Com o desenvolvimento da regi\u00e3o, a Comunidade ganhou servi\u00e7os b\u00e1sicos como escola para as crian\u00e7as, acesso rodovi\u00e1rio \u00e0s cidades mais pr\u00f3ximas e luz el\u00e9trica. Na atualidade, a Fortaleza recebe visitantes de v\u00e1rias partes do Brasil e do mundo e representa um lugar de refer\u00eancia para\u00a0muitos seguidores\u00a0da Doutrina\u00a0do Santo Daime.<\/p>\n\n            <!-- Blueimp gallery -->\n            <div id=\"blueimp-gallery-2269\" class=\"blueimp-gallery blueimp-gallery-controls\">\n                <div class=\"slides\"><\/div>\n                <h3 class=\"title\"><\/h3>\n                <a class=\"prev\">\u2039<\/a>\n                <a class=\"next\">\u203a<\/a>\n                <a class=\"close\">\u00d7<\/a>\n                <a class=\"play-pause\"><\/a>\n                <ol class=\"indicator\"><\/ol>\n                <div class=\"modal fade\">\n                    <div class=\"modal-dialog\">\n                        <div class=\"modal-content\">\n                            <div class=\"modal-header\">\n                                <button type=\"button\" class=\"close\" aria-hidden=\"true\">\u00d7<\/button>\n                                <h4 class=\"modal-title\"><\/h4>\n                            <\/div>\n                            <div class=\"modal-body next\"><\/div>\n                            <div class=\"modal-footer\">\n                                <button type=\"button\" class=\"btn btn-default pull-left prev\">\n                                    <i class=\"glyphicon glyphicon-chevron-left\"><\/i>\n                                    Previous                                <\/button>\n                                <button type=\"button\" class=\"btn btn-primary next\">\n                                    Next                                    <i class=\"glyphicon glyphicon-chevron-right\"><\/i>\n                                <\/button>\n                            <\/div>\n                        <\/div>\n                    <\/div>\n                <\/div>\n            <\/div>\n\n            <script type=\"text\/javascript\">\n            jQuery(function() {\n                jQuery.extend(blueimp.Gallery.prototype.options, {\n                    useBootstrapModal: false,\n                    hidePageScrollbars: false,\n                    container: \"#blueimp-gallery-2269\",\n                });\n            });\n            <\/script>\n\n            \n","protected":false},"excerpt":{"rendered":"<p>BREVE HIST\u00d3RIA A hist\u00f3ria da Comunidade Fortaleza come\u00e7ou em 1993, quando o Sr. Luiz Mendes juntamente com um grupo de amigos e familiares decidiram renunciar a vida da cidade e fixar resid\u00eancia nos encantos da grande floresta Amaz\u00f4nica para se dedicar a agricultura e aos rituais religiosos do Santo Daime. Escolheu uma coloca\u00e7\u00e3o do antigo <a href=\"https:\/\/www.luizmendes.org\/wordpress\/?p=2269\" rel=\"nofollow\"><span class=\"sr-only\">Read more about Fortaleza- Hist\u00f3rico<\/span>[&hellip;]<\/a><\/p>\n","protected":false},"author":14,"featured_media":0,"parent":696,"menu_order":1,"comment_status":"closed","ping_status":"closed","template":"","meta":{"footnotes":"","_links_to":"","_links_to_target":""},"class_list":["post-1692","page","type-page","status-publish","hentry"],"_links":{"self":[{"href":"https:\/\/www.luizmendes.org\/wordpress\/wp-json\/wp\/v2\/pages\/1692"}],"collection":[{"href":"https:\/\/www.luizmendes.org\/wordpress\/wp-json\/wp\/v2\/pages"}],"about":[{"href":"https:\/\/www.luizmendes.org\/wordpress\/wp-json\/wp\/v2\/types\/page"}],"author":[{"embeddable":true,"href":"https:\/\/www.luizmendes.org\/wordpress\/wp-json\/wp\/v2\/users\/14"}],"replies":[{"embeddable":true,"href":"https:\/\/www.luizmendes.org\/wordpress\/wp-json\/wp\/v2\/comments?post=1692"}],"version-history":[{"count":3,"href":"https:\/\/www.luizmendes.org\/wordpress\/wp-json\/wp\/v2\/pages\/1692\/revisions"}],"predecessor-version":[{"id":2272,"href":"https:\/\/www.luizmendes.org\/wordpress\/wp-json\/wp\/v2\/pages\/1692\/revisions\/2272"}],"up":[{"embeddable":true,"href":"https:\/\/www.luizmendes.org\/wordpress\/wp-json\/wp\/v2\/pages\/696"}],"wp:attachment":[{"href":"https:\/\/www.luizmendes.org\/wordpress\/wp-json\/wp\/v2\/media?parent=1692"}],"curies":[{"name":"wp","href":"https:\/\/api.w.org\/{rel}","templated":true}]}}