{"id":2182,"date":"2017-04-24T18:07:48","date_gmt":"2017-04-24T21:07:48","guid":{"rendered":"http:\/\/www.luizmendes.org\/wordpress\/?page_id=2182"},"modified":"2017-05-11T13:30:07","modified_gmt":"2017-05-11T18:30:07","slug":"escolinha-midam","status":"publish","type":"page","link":"https:\/\/www.luizmendes.org\/wordpress\/cefli\/escolinha-midam\/","title":{"rendered":"Escolinha Dominical Infantil Midam"},"content":{"rendered":"<p><img loading=\"lazy\" decoding=\"async\" class=\"alignnone size-medium\" src=\"http:\/\/luizmendes.org\/images\/gif-luzeiro.gif\" width=\"2000\" height=\"650\" \/><\/p>\n<blockquote><p><span id=\"cch_f16ccc162cbb206\" class=\"_mh6 _wsc\"><span class=\"_3oh- _58nk\">A Escolinha Dominical Infantil Midam, surgiu por ocasi\u00e3o do centen\u00e1rio do Mestre Raimundo Irineu Serra, no ano de 1992 quando feito um festejo em car\u00e1ter de encontro por uma semana, e no t\u00e9rmino da programa\u00e7\u00e3o, nas considera\u00e7\u00f5es finais, o Conselheiro Sr. Luiz Mendes do Nascimento, insinuou uma escolinha para as crian\u00e7as, embora j\u00e1 tivesse um grupo de jovens que promoviam e desenvolviam movimentos educativos aos domingos, ent\u00e3o apontado o irm\u00e3o Solon Brito do Nascimento para que organizasse. No qual pronunciou aos presentes e escolheu seis pessoas incluindo eu, que atrav\u00e9s de aplausos dos presentes e quem atingisse 100% dos aplausos seria o vencedor, no qual eu Emilio que logo no 1o domingo eu j\u00e1 me encontrava a praticar nos domingos das 9:00hs as 11:00hs. Atualmente por escolha dos frequentadores, optou-se de 15:00hs as 17:00hs, todos os domingos no Luzeiro da Manh\u00e3.<\/span><\/span><\/p>\n<p style=\"text-align: right;\">&#8211; Em\u00edlio Furtado<\/p>\n<p style=\"text-align: right;\">\n<\/blockquote>\n<ul>\n<li><a href=\"http:\/\/luizmendes.org\/biblioteca\/Cartilha_Escolinha_Midam.pdf\" target=\"_blank\" rel=\"noopener noreferrer\">Cartilha da Escolinha Dominical Infantil Midam<\/a><\/li>\n<\/ul>\n\n            \n","protected":false},"excerpt":{"rendered":"<p>A Escolinha Dominical Infantil Midam, surgiu por ocasi\u00e3o do centen\u00e1rio do Mestre Raimundo Irineu Serra, no ano de 1992 quando feito um festejo em car\u00e1ter de encontro por uma semana, e no t\u00e9rmino da programa\u00e7\u00e3o, nas considera\u00e7\u00f5es finais, o Conselheiro Sr. Luiz Mendes do Nascimento, insinuou uma escolinha para as crian\u00e7as, embora j\u00e1 tivesse um <a href=\"https:\/\/www.luizmendes.org\/wordpress\/?fa_gallery=cefli-escolinha-midam\" rel=\"nofollow\"><span class=\"sr-only\">Read more about CEFLI- Escolinha Midam<\/span>[&hellip;]<\/a><\/p>\n","protected":false},"author":14,"featured_media":0,"parent":699,"menu_order":0,"comment_status":"closed","ping_status":"closed","template":"","meta":{"footnotes":"","_links_to":"","_links_to_target":""},"class_list":["post-2182","page","type-page","status-publish","hentry"],"_links":{"self":[{"href":"https:\/\/www.luizmendes.org\/wordpress\/wp-json\/wp\/v2\/pages\/2182"}],"collection":[{"href":"https:\/\/www.luizmendes.org\/wordpress\/wp-json\/wp\/v2\/pages"}],"about":[{"href":"https:\/\/www.luizmendes.org\/wordpress\/wp-json\/wp\/v2\/types\/page"}],"author":[{"embeddable":true,"href":"https:\/\/www.luizmendes.org\/wordpress\/wp-json\/wp\/v2\/users\/14"}],"replies":[{"embeddable":true,"href":"https:\/\/www.luizmendes.org\/wordpress\/wp-json\/wp\/v2\/comments?post=2182"}],"version-history":[{"count":5,"href":"https:\/\/www.luizmendes.org\/wordpress\/wp-json\/wp\/v2\/pages\/2182\/revisions"}],"predecessor-version":[{"id":2707,"href":"https:\/\/www.luizmendes.org\/wordpress\/wp-json\/wp\/v2\/pages\/2182\/revisions\/2707"}],"up":[{"embeddable":true,"href":"https:\/\/www.luizmendes.org\/wordpress\/wp-json\/wp\/v2\/pages\/699"}],"wp:attachment":[{"href":"https:\/\/www.luizmendes.org\/wordpress\/wp-json\/wp\/v2\/media?parent=2182"}],"curies":[{"name":"wp","href":"https:\/\/api.w.org\/{rel}","templated":true}]}}

<p><img loading="lazy" decoding="async" class="alignnone size-medium" src="http://luizmendes.org/images/gif-luzeiro.gif" width="2000" height="650" /></p>
<blockquote><p><span id="cch_f16ccc162cbb206" class="_mh6 _wsc"><span class="_3oh- _58nk">A Escolinha Dominical Infantil Midam, surgiu por ocasião do centenário do Mestre Raimundo Irineu Serra, no ano de 1992 quando feito um festejo em caráter de encontro por uma semana, e no término da programação, nas considerações finais, o Conselheiro Sr. Luiz Mendes do Nascimento, insinuou uma escolinha para as crianças, embora já tivesse um grupo de jovens que promoviam e desenvolviam movimentos educativos aos domingos, então apontado o irmão Solon Brito do Nascimento para que organizasse. No qual pronunciou aos presentes e escolheu seis pessoas incluindo eu, que através de aplausos dos presentes e quem atingisse 100% dos aplausos seria o vencedor, no qual eu Emilio que logo no 1o domingo eu já me encontrava a praticar nos domingos das 9:00hs as 11:00hs. Atualmente por escolha dos frequentadores, optou-se de 15:00hs as 17:00hs, todos os domingos no Luzeiro da Manhã.</span></span></p>
<p style="text-align: right;">&#8211; Emílio Furtado</p>
<p style="text-align: right;">
</blockquote>
<ul>
<li><a href="http://luizmendes.org/biblioteca/Cartilha_Escolinha_Midam.pdf" target="_blank" rel="noopener noreferrer">Cartilha da Escolinha Dominical Infantil Midam</a></li>
</ul>

<p>A Escolinha Dominical Infantil Midam, surgiu por ocasião do centenário do Mestre Raimundo Irineu Serra, no ano de 1992 quando feito um festejo em caráter de encontro por uma semana, e no término da programação, nas considerações finais, o Conselheiro Sr. Luiz Mendes do Nascimento, insinuou uma escolinha para as crianças, embora já tivesse um <a href="https://www.luizmendes.org/wordpress/?fa_gallery=cefli-escolinha-midam" rel="nofollow"><span class="sr-only">Read more about CEFLI- Escolinha Midam</span>[&hellip;]</a></p>
